ine s(1).
80
Let u(x) = x**3 + 6*x**2 + 8*x + 8. Give u(-5).
-7
Let p(x) = -x**2 - 10*x - 10. Determine p(-10).
-10
Let m(p) = -p**3 + 15*p**2 - 14*p - 2. Determine m(14).
-2
Let j(r) = -r**3 + 18*r**2 + 41*r - 8. Give j(20).
12
Let a(r) = -r**2 + 3*r + 5. What is a(4)?
1
Let k(j) = -j**2 + 2. Determine k(3).
-7
Let i(s) = -s**3 - 8*s**2 - s + 9. Determine i(-7).
-33
Let s(r) = r**2 - 11*r - 190. What is s(-9)?
-10
Let g(p) = -p**3 + 16*p + 1. Calculate g(-4).
1
Let v(w) = -w**3 - w**2 + 32. What is v(0)?
32
Let l(c) = -2*c**2 + 22*c + 10. What is l(12)?
-14
Let q(n) = -n**3 - 30*n**2 + 33*n + 55. Determine q(-31).
-7
Let s(m) = -m**3 + 14*m**2 + m - 18. What is s(14)?
-4
Let h(x) = 10*x - 93. Calculate h(10).
7
Let i(z) = z**2 + 4*z - 3. What is i(-4)?
-3
Let m(o) = 2*o - 47. Give m(-11).
-69
Let j(x) = -x**2 + 20*x - 106. Determine j(12).
-10
Let p(x) = -x**2 - 13*x - 13. What is p(-11)?
9
Let k(v) = -v**2 + 5. Calculate k(-4).
-11
Let l(g) = -8*g - 163. Calculate l(-13).
-59
Let s(g) = -4*g - 3. Give s(1).
-7
Let l(x) = -18*x - 2. What is l(-1)?
16
Let c(i) = -i**3 - 6*i**2 + i + 4. Determine c(-5).
-26
Let w(r) = -14*r + 262. What is w(19)?
-4
Let b(h) = -h**3 - h**2 + h - 3. Calculate b(-3).
12
Let k(q) = q**2 + 2*q + 1. Calculate k(-2).
1
Let c(k) = -2*k**3 - 7*k**2 + 4*k - 6. Determine c(-4).
-6
Let k(t) = 8*t + 79. What is k(-10)?
-1
Let l(w) = 5*w - 10. What is l(6)?
20
Let g(z) = -z + 4. Calculate g(13).
-9
Let w(l) = -l**3 + 7*l**2 + 40*l + 30. Give w(11).
-14
Let n(s) = -s**2 - 12*s - 22. Give n(-10).
-2
Let q(t) = t**2 + t - 9. Calculate q(0).
-9
Let v(s) = s - 3. Calculate v(7).
4
Let z(y) = y**3 - 4*y**2 - 8*y + 47. Calculate z(4).
15
Let f(c) = -3*c - 73. Determine f(-23).
-4
Let a(k) = -3*k + 14. Determine a(6).
-4
Let s(f) = f**2 - 42*f + 184. Give s(5).
-1
Let t(f) = 3*f - 48. Calculate t(18).
6
Let x(v) = -v + 12. Determine x(8).
4
Let p(o) = o**2 - 15*o + 37. What is p(13)?
11
Let f(i) = 2*i + 20. What is f(-8)?
4
Let f(v) = -61*v. Give f(1).
-61
Let o(z) = -2*z + 106. Give o(49).
8
Let d(l) = -l**3 + 5*l + 9. Give d(3).
-3
Let q(l) = 2*l + 68. Determine q(-26).
16
Let z(r) = 48*r - 282. Determine z(6).
6
Let u(w) = -2*w**2 - 6*w - 2. What is u(-5)?
-22
Let n(i) = 2*i**2 - 8*i + 7. Give n(5).
17
Let t(r) = r**3 + 15*r**2 - 16*r - 8. Determine t(-16).
-8
Let c(a) = a**3 + 5*a**2 - 24*a - 12. Give c(-8).
-12
Let u(i) = i**3 + 3*i**2 - 3*i + 5. What is u(2)?
19
Let v(f) = 7*f + 42. What is v(-9)?
-21
Let b(k) = 71*k**3 - 5*k - 6. Determine b(-1).
-72
Let j(s) = -s - 7. What is j(0)?
-7
Let u(c) = -c**2 - 5*c - 5. What is u(3)?
-29
Let m(x) = -x**2 + 2*x + 1. Calculate m(4).
-7
Let p(t) = t**3 + 17*t**2 + 13*t - 59. Determine p(-16).
-11
Let p(f) = -f**3 - 23*f**2 - f - 26. Give p(-23).
-3
Let n(r) = -r - 11. What is n(-8)?
-3
Let g(k) = 3*k**2 - 21*k + 2. What is g(7)?
2
Let c(a) = -a**2 + 2*a + 6. What is c(-4)?
-18
Let w(h) = -2*h**2 - 19*h - 24. What is w(-8)?
0
Let b(j) = -j - 60. Calculate b(0).
-60
Let s(i) = i**3 + 8*i**2 - 10*i + 3. Calculate s(-9).
12
Let o(t) = 3*t**2 - 172*t + 63. Calculate o(57).
6
Let z(u) = 2*u**3 + 3*u**2 - 6*u + 5. Calculate z(-3).
-4
Let k(m) = -m**2 + 4*m + 1. What is k(5)?
-4
Let y(c) = 21*c - 10. Give y(1).
11
Let y(h) = 56*h - 12. Calculate y(0).
-12
Let f(x) = -x**2 + 2*x + 1. Determine f(-1).
-2
Let t(a) = a**3 + 15*a**2 - a - 20. Calculate t(-15).
-5
Let b(h) = -h**3 + 8*h**2 + 2*h + 5. Calculate b(8).
21
Let c(o) = -13*o - 296. Calculate c(-24).
16
Let w(t) = 5*t - 55. Calculate w(9).
-10
Let v(y) = 13*y**2 - 1. Give v(1).
12
Let c(d) = -d**2 - d + 15. Determine c(10).
-95
Let b(o) = -o**3 + 23*o**2 - 23*o - 11. Give b(22).
-33
Let l(g) = -2*g**3 - 46*g**2 + 2*g + 47. Determine l(-23).
1
Let a(p) = p**2 + 10*p - 29. Determine a(-12).
-5
Let u(t) = -2*t**3 + 13*t**2 + 2*t + 9. Determine u(7).
-26
Let f(l) = -2*l**2 - 14*l - 17. Calculate f(-13).
-173
Let d(f) = f + 23. Determine d(0).
23
Let f(o) = -3*o - 52. Determine f(-20).
8
Let z(c) = 2*c + 4. Calculate z(-19).
-34
Let m(y) = -y**3 - 17*y**2 - 7*y + 4. What is m(-17)?
123
Let q(w) = w**2 + 5*w + 10. What is q(-2)?
4
Let h(l) = l**3 - 5*l**2 + 12*l - 34. Determine h(5).
26
Let c(p) = -5*p**3 + 3*p - 4. Give c(2).
-38
Let x(v) = -v**2 + 31*v - 18. Calculate x(30).
12
Let p(a) = -6*a + 155. Give p(26).
-1
Let l(f) = f**3 - 10*f**2 + 12*f - 35. Determine l(9).
-8
Let r(b) = b. Give r(-3).
-3
Let d(t) = -t**2 - t + 13. Give d(5).
-17
Let c(q) = -2*q**2 + 5*q + 26. Calculate c(8).
-62
Let z(o) = o + 5. Give z(-5).
0
Let j(z) = z**3 + 16*z**2 - 19*z - 22. Calculate j(-17).
12
Let g(q) = 18*q**3 + q**2 + 2*q - 3. Determine g(1).
18
Let x(h) = -2*h**2 - 6*h - 3. Determine x(-4).
-11
Let z(u) = -u**2 + 41*u - 155. What is z(37)?
-7
Let j(y) = -y - 8. Calculate j(-6).
-2
Let v(h) = h**3 - 28*h**2 - 29*h + 35. Determine v(29).
35
Let o(x) = 3*x - 2. What is o(-7)?
-23
Let n(u) = u**3 + 10*u**2 - 54*u + 29. What is n(-14)?
1
Let h(y) = -4*y - 42. What is h(-8)?
-10
Let x(z) = z**3 + 5*z**2 + 5*z + 4. What is x(-4)?
0
Let j(y) = -3*y + 10. Determine j(21).
-53
Let m(k) = -k + 2. Give m(5).
-3
Let v(c) = c**3 - 26*c**2 + c - 22. Calculate v(26).
4
Let n(a) = 6*a**2 + 2*a - 3. What is n(-3)?
45
Let l(q) = -33*q + 306. Calculate l(9).
9
Let t(z) = 6*z - 10. What is t(-21)?
-136
Let w(g) = 7*g - 2. What is w(1)?
5
Let s(y) = y**2 - 16*y - 22. Calculate s(15).
-37
Let o(k) = 10*k**3 - k**2. Give o(1).
9
Let l(r) = 2*r**3 + 24*r**2 + 5*r + 9. Give l(-12).
-51
Let k(x) = x**3 - 6*x**2 - 11*x + 13. Give k(8).
53
Let i(f) = f**3 - 38*f**2 + 10*f - 378. Calculate i(38).
2
Let y(n) = 7*n + 2. What is y(8)?
58
Let i(g) = -g**3 - 8*g**2 - 5*g - 7. What is i(-9)?
119
Let o(u) = -u**2 - 8*u - 6. Determine o(-9).
-15
Let n(h) = 7*h**2 + 38*h - 24. What is n(-6)?
0
Let o(w) = -w**2 + 4*w + 2. Give o(4).
2
Let p(s) = -s**2 + 7*s - 6. Calculate p(7).
-6
Let w(c) = c**3 - 16*c**2 + 8. Give w(16).
8
Let k(c) = c**2 - 10*c + 10. Determine k(8).
-6
Let x(w) = -w**3 - 4*w**2 + 3*w + 10. What is x(-4)?
-2
Let a(o) = -o**2 + 38*o - 26. Calculate a(37).
11
Let g(q) = q**2 - 31*q - 105. Give g(34).
-3
Let m(b) = -8*b**2 - 2*b - 1. Determine m(2).
-37
Let y(d) = -d**3 + 9*d**2 - 8*d + 6. What is y(8)?
6
Let g(q) = q**2 - 11*q + 9. What is g(8)?
-15
Let x(h) = -8*h**3 + 2*h**2 - h - 3. Calculate x(2).
-61
Let w(c) = -5*c**2 - 12. Determine w(-4).
-92
Let o(n) = -3*n**3 - 10*n**2 + 2*n - 29. Determine o(-4).
-5
Let q(t) = -t - 5. Determine q(-4).
-1
Let o(k) = -k**2 - 10*k + 20. Give o(-15).
-55
Let n(a) = 2*a**3 + 12*a**2 - 6*a + 3. What is n(-6)?
39
Let t(c) = -c**3 - 11*c**2 + 14*c - 6. Give t(-12).
-30
Let k(b) = -b**2 - 11*b - 11. Calculate k(-10).
-1
Let p(f) = -f**3 + 9*f**2 - 8*f - 6. Give p(7).
36
Let n(q) = -q - 2. Calculate n(7).
-9
Let h(n) = -2*n**2 - 18*n + 10. Calculate h(-9).
10
Let q(v) = 9*v - 160. What is q(16)?
-16
Let v(m) = -6*m + 121. Determine v(21).
-5
Let a(g) = -19*g - 219. Determine a(-11).
-10
Let w(l) = 2*l**2 + 15*l - 10. What is w(-8)?
-2
Let w(j) = -10*j**2 + 4*j - 2. What is w(2)?
-34
Let r(b) = -b**2 + b + 27. Determine r(0).
27
Let k(x) = -x**3 - 7*x**2 - 7*x - 6. What is k(-7)?
43
Let d(t) = -3*t - 31. Calculate d(-12).
5
Let o(n) = -n**2 - 10*n - 10. Determine o(-7).
11
Let o(p) = -15*p + 10. Give o(1).
-5
Let z(r) = -5*r - 24. Give z(-6).
6
Let g(o) = -o**3 + 5*o**2 + 6*o + 6. Determine g(6).
6
Let x(w) = -w**3 - w**2 + 4*w + 4. What is x(-2)?
0
Let u(f) = -f**3 - 13*f**2 - f - 4. What is u(-13)?
9
Let j(u) = 13*u - 207. Give j(16).
1
Let f(w) = 40*w - 99. Calculate f(3).
21
Let f(c) = c**3 - 9*c**2 - 14*c + 5. What is f(10)?
-35
Let f(k) = -16*k - 22. Give f(-3).
26
Let h(z) = z**3 - 18*z**2 + 33*z - 5. Determine h(16).
11
Let x(b) = b**3 - 7*b**2 + 9. Calculate x(7).
9
Let h(v) = -v**3 - 4*v**2 + 11*v. Calculate h(-6).
6
Let a(b) = b**3 + 3*b**2 - 8*b - 17. Give a(-2).
3
Let j(p) = -2*p**2 - 33*p + 25. Calculate j(-18).
-29
Let r(l) = l**3 + 11*l**2 - 6*l - 8. Give r(-12).
-80
Let o(i) = -i**3 - 83*i**2 - 76*i + 492. Calculate o(-82).
0
Let f(i) = 11*i + 178. Determine f(-16).
2
Let u(a) = 7*a + 24. Determine u(-3).
3
Let c(g) = 11*g - 32. Determine c(4).
12
Let h(n) = -n**2 - 2*n + 10. Determine h(-4).
2
Let p(u) = -8*u**3 - 4*u